{"id":6777,"date":"2024-06-24T20:34:19","date_gmt":"2024-06-24T18:34:19","guid":{"rendered":"https:\/\/p-i3puwt.project.space\/?page_id=6777"},"modified":"2024-06-24T20:47:21","modified_gmt":"2024-06-24T18:47:21","slug":"rahmenbedingungen","status":"publish","type":"page","link":"https:\/\/kiga-unterampfrach.de\/index.php\/rahmenbedingungen\/","title":{"rendered":"Rahmenbedingungen"},"content":{"rendered":"\t\t<div data-elementor-type=\"wp-page\" data-elementor-id=\"6777\" class=\"elementor elementor-6777\">\n\t\t\t\t<div class=\"elementor-element elementor-element-c8c6a63 e-flex e-con-boxed e-con e-parent\" data-id=\"c8c6a63\" data-element_type=\"container\" data-core-v316-plus=\"true\">\n\t\t\t\t\t<div class=\"e-con-inner\">\n\t\t<div class=\"elementor-element elementor-element-08f8385 e-con-full e-flex e-con e-child\" data-id=\"08f8385\" data-element_type=\"container\">\n\t\t\t\t<div class=\"elementor-element elementor-element-30818a2 elementor-widget elementor-widget-text-editor\" data-id=\"30818a2\" data-element_type=\"widget\" data-widget_type=\"text-editor.default\">\n\t\t\t\t<div class=\"elementor-widget-container\">\n\t\t\t<style>\/*! elementor - v3.20.0 - 26-03-2024 *\/\n.elementor-widget-text-editor.elementor-drop-cap-view-stacked .elementor-drop-cap{background-color:#69727d;color:#fff}.elementor-widget-text-editor.elementor-drop-cap-view-framed .elementor-drop-cap{color:#69727d;border:3px solid;background-color:transparent}.elementor-widget-text-editor:not(.elementor-drop-cap-view-default) .elementor-drop-cap{margin-top:8px}.elementor-widget-text-editor:not(.elementor-drop-cap-view-default) .elementor-drop-cap-letter{width:1em;height:1em}.elementor-widget-text-editor .elementor-drop-cap{float:left;text-align:center;line-height:1;font-size:50px}.elementor-widget-text-editor .elementor-drop-cap-letter{display:inline-block}<\/style>\t\t\t\t<p style=\"margin-bottom: 1.71429rem; border: 0px; font-size: 14px; vertical-align: baseline; line-height: 1.71429; color: rgb(68, 68, 68); font-family: Helvetica, Arial, sans-serif;\">Das Bayerische Kinderbildungs- und Erziehungsgesetz (BayKiBiG) und der Bildungs- und Erziehungsplan (BEP) stellen die gesetzlichen Rahmenbedingungen f\u00fcr die Arbeit in der Tageseinrichtung f\u00fcr Kinder dar.<\/p><p style=\"margin-bottom: 1.71429rem; border: 0px; font-size: 14px; vertical-align: baseline; line-height: 1.71429; color: rgb(68, 68, 68); font-family: Helvetica, Arial, sans-serif;\"><strong style=\"margin: 0px; padding: 0px; border: 0px; vertical-align: baseline;\">Raumangebot<\/strong><\/p><p style=\"margin-bottom: 1.71429rem; border: 0px; font-size: 14px; vertical-align: baseline; line-height: 1.71429; color: rgb(68, 68, 68); font-family: Helvetica, Arial, sans-serif;\">Der eingruppige Kindergarten und Evang. Gemeindesaal befinden sich in einem Geb\u00e4ude. Der Saal im Obergeschoss kann vom Kindergarten f\u00fcr Veranstaltungen und als Bewegungsraum unregelm\u00e4\u00dfig genutzt werden.<\/p><h3 style=\"margin: 1.71429rem 0px; padding: 0px; border: 0px; font-size: 1.14286rem; vertical-align: baseline; line-height: 1.84615; color: rgb(68, 68, 68); font-family: Helvetica, Arial, sans-serif;\">Erdgeschoss<\/h3><ul style=\"margin-bottom: 1.71429rem; margin-left: 0px; border: 0px; font-size: 14px; vertical-align: baseline; list-style-position: outside; line-height: 1.71429; color: rgb(68, 68, 68); font-family: Helvetica, Arial, sans-serif;\"><li style=\"margin: 0px 0px 0px 2.57143rem; padding: 0px; border: 0px; vertical-align: baseline;\">\u2013 Gruppenraum&nbsp;&nbsp;&nbsp;&nbsp;&nbsp;&nbsp;&nbsp; \u2026hell und freundlich mit 2. Ebene<\/li><li style=\"margin: 0px 0px 0px 2.57143rem; padding: 0px; border: 0px; vertical-align: baseline;\">\u2013 Flurbereich&nbsp;&nbsp;&nbsp;&nbsp;&nbsp;&nbsp;&nbsp;&nbsp;&nbsp;&nbsp;&nbsp; \u2026mit gem\u00fctlicher Leseecke<\/li><li style=\"margin: 0px 0px 0px 2.57143rem; padding: 0px; border: 0px; vertical-align: baseline;\">\u2013 Garderobe&nbsp;&nbsp;&nbsp;&nbsp;&nbsp;&nbsp;&nbsp;&nbsp;&nbsp;&nbsp;&nbsp;&nbsp;&nbsp; \u2026wird auch als Bewegungsbereich genutzt<\/li><li style=\"margin: 0px 0px 0px 2.57143rem; padding: 0px; border: 0px; vertical-align: baseline;\">\u2013 Toilettenr\u00e4ume&nbsp;&nbsp;&nbsp;&nbsp;&nbsp; \u2026mit Waschgelegenheit und Dusche<\/li><li style=\"margin: 0px 0px 0px 2.57143rem; padding: 0px; border: 0px; vertical-align: baseline;\">\u2013 Nebenraum&nbsp;&nbsp;&nbsp;&nbsp;&nbsp;&nbsp;&nbsp;&nbsp;&nbsp;&nbsp;&nbsp;&nbsp;\u2026mit Wickelecke und Materialkisten<\/li><li style=\"margin: 0px 0px 0px 2.57143rem; padding: 0px; border: 0px; vertical-align: baseline;\">\u2013 B\u00fcro&nbsp;&nbsp;&nbsp;&nbsp;&nbsp;&nbsp;&nbsp;&nbsp;&nbsp;&nbsp;&nbsp;&nbsp;&nbsp;&nbsp;&nbsp;&nbsp;&nbsp;&nbsp;&nbsp;&nbsp;&nbsp;&nbsp;&nbsp; \u2026auch als Besprechungsraum genutzt<\/li><li style=\"margin: 0px 0px 0px 2.57143rem; padding: 0px; border: 0px; vertical-align: baseline;\">\u2013 Putzraum&nbsp;&nbsp;&nbsp;&nbsp;&nbsp;&nbsp;&nbsp;&nbsp;&nbsp;&nbsp;&nbsp;&nbsp;&nbsp;&nbsp;&nbsp; \u2026mit Mitarbeitertoilette<\/li><li style=\"margin: 0px 0px 0px 2.57143rem; padding: 0px; border: 0px; vertical-align: baseline;\">\u2013 K\u00fcche &nbsp; &nbsp; &nbsp; &nbsp; &nbsp; &nbsp; &nbsp; &nbsp; &nbsp; &nbsp;&nbsp; \u2026 freie Brotzeit, Mal- und Basteltisch<\/li><\/ul><h4 style=\"margin: 1.71429rem 0px; padding: 0px; border: 0px; font-size: 14px; vertical-align: baseline; line-height: 1.84615; color: rgb(68, 68, 68); font-family: Helvetica, Arial, sans-serif;\">Au\u00dfengel\u00e4nde<\/h4><p style=\"margin-bottom: 1.71429rem; border: 0px; font-size: 14px; vertical-align: baseline; line-height: 1.71429; color: rgb(68, 68, 68); font-family: Helvetica, Arial, sans-serif;\">Ein naturnah gestalteter Garten mit Gartenhaus, Spielhaus, Schaukeln, Wippe, Rutsche, Kletterger\u00fcst, Sandkasten, H\u00f6hle,&nbsp;H\u00fcgel, Matschtische,&nbsp;Sitzgelegenheiten, vielen B\u00fcschen, B\u00e4umen und einem Blumenbeet.<\/p><p style=\"margin-bottom: 1.71429rem; border: 0px; font-size: 14px; vertical-align: baseline; line-height: 1.71429; color: rgb(68, 68, 68); font-family: Helvetica, Arial, sans-serif;\"><strong style=\"margin: 0px; padding: 0px; border: 0px; vertical-align: baseline;\">Spiel-und Besch\u00e4ftigungsmaterial<\/strong><\/p><ul style=\"margin-bottom: 1.71429rem; margin-left: 0px; border: 0px; font-size: 14px; vertical-align: baseline; list-style-position: outside; line-height: 1.71429; color: rgb(68, 68, 68); font-family: Helvetica, Arial, sans-serif;\"><li style=\"margin: 0px 0px 0px 2.57143rem; padding: 0px; border: 0px; vertical-align: baseline;\">\u2013 Spielmaterial wie zum Beispiel Gesellschaftsspiele, Puzzle, Konstruktionsspiele,&nbsp; Fahrzeuge,&nbsp; Holztiere, T\u00fccher, Softbausteine, \u2026 .<\/li><li style=\"margin: 0px 0px 0px 2.57143rem; padding: 0px; border: 0px; vertical-align: baseline;\">\u2013 Besch\u00e4ftigungsmaterial&nbsp; wie Bastel- und Werkmaterial, Naturmaterialien, Farb- und Malutensilien, \u2026 .<\/li><\/ul><p style=\"margin-bottom: 1.71429rem; border: 0px; font-size: 14px; vertical-align: baseline; line-height: 1.71429; color: rgb(68, 68, 68); font-family: Helvetica, Arial, sans-serif;\"><strong style=\"margin: 0px; padding: 0px; border: 0px; vertical-align: baseline;\">Belegungskapazit\u00e4t<\/strong><\/p><p style=\"margin-bottom: 1.71429rem; border: 0px; font-size: 14px; vertical-align: baseline; line-height: 1.71429; color: rgb(68, 68, 68); font-family: Helvetica, Arial, sans-serif;\">Aufgrund der aktuellen Betriebserlaubnis stehen f\u00fcr unseren Kindergarten 24 Betreuungspl\u00e4tze und 1 Integrationsplatz zur Verf\u00fcgung.<\/p><p style=\"margin-bottom: 1.71429rem; border: 0px; font-size: 14px; vertical-align: baseline; line-height: 1.71429; color: rgb(68, 68, 68); font-family: Helvetica, Arial, sans-serif;\"><strong style=\"margin: 0px; padding: 0px; border: 0px; vertical-align: baseline;\">Gruppenzusammensetzung<\/strong><\/p><p style=\"margin-bottom: 1.71429rem; border: 0px; font-size: 14px; vertical-align: baseline; line-height: 1.71429; color: rgb(68, 68, 68); font-family: Helvetica, Arial, sans-serif;\">Die Gruppe ist alters- und geschlechtsgemischt und kann von Kindern im Alter von&nbsp; 2\u00be Jahren bis zum Schuleintritt besucht werden.<\/p><p style=\"margin-bottom: 1.71429rem; border: 0px; font-size: 14px; vertical-align: baseline; line-height: 1.71429; color: rgb(68, 68, 68); font-family: Helvetica, Arial, sans-serif;\"><strong style=\"margin: 0px; padding: 0px; border: 0px; vertical-align: baseline;\">Einzugsbereich<\/strong><\/p><p style=\"margin-bottom: 1.71429rem; border: 0px; font-size: 14px; vertical-align: baseline; line-height: 1.71429; color: rgb(68, 68, 68); font-family: Helvetica, Arial, sans-serif;\">In der Regel besuchen uns Kinder aus den Ortsteilen Unterampfrach, Haundorf, Hilpertsweiler, Altersberg und Stollenhof \u2013 sie sind alle der politischen Gemeinde Schnelldorf zugeh\u00f6rig. F\u00fcr diese Kinder besteht die M\u00f6glichkeit, die von der Gemeinde gestellten Busse zu nutzen. Bei offenen Pl\u00e4tzen k\u00f6nnen auch Kinder aus der gesamten Gemeinde Schnelldorf oder Gastkinder aufgenommen werden.<\/p>\t\t\t\t\t\t<\/div>\n\t\t\t\t<\/div>\n\t\t\t\t<\/div>\n\t\t<div class=\"elementor-element elementor-element-27e92dc e-con-full e-flex e-con e-child\" data-id=\"27e92dc\" data-element_type=\"container\">\n\t\t\t\t<div class=\"elementor-element elementor-element-294daf0 elementor-widget elementor-widget-image\" data-id=\"294daf0\" data-element_type=\"widget\" data-widget_type=\"image.default\">\n\t\t\t\t<div class=\"elementor-widget-container\">\n\t\t\t<style>\/*! elementor - v3.20.0 - 26-03-2024 *\/\n.elementor-widget-image{text-align:center}.elementor-widget-image a{display:inline-block}.elementor-widget-image a img[src$=\".svg\"]{width:48px}.elementor-widget-image img{vertical-align:middle;display:inline-block}<\/style>\t\t\t\t\t\t\t\t\t\t<img fetchpriority=\"high\" decoding=\"async\" width=\"576\" height=\"1024\" src=\"https:\/\/kiga-unterampfrach.de\/wp-content\/uploads\/2024\/06\/20190919_111706-e1588313122517-624x1109-1-576x1024.jpg\" class=\"attachment-large size-large wp-image-6804\" alt=\"\" srcset=\"https:\/\/kiga-unterampfrach.de\/wp-content\/uploads\/2024\/06\/20190919_111706-e1588313122517-624x1109-1-576x1024.jpg 576w, https:\/\/kiga-unterampfrach.de\/wp-content\/uploads\/2024\/06\/20190919_111706-e1588313122517-624x1109-1-169x300.jpg 169w, https:\/\/kiga-unterampfrach.de\/wp-content\/uploads\/2024\/06\/20190919_111706-e1588313122517-624x1109-1-600x1066.jpg 600w, https:\/\/kiga-unterampfrach.de\/wp-content\/uploads\/2024\/06\/20190919_111706-e1588313122517-624x1109-1.jpg 624w\" sizes=\"100vw\" \/>\t\t\t\t\t\t\t\t\t\t\t\t\t<\/div>\n\t\t\t\t<\/div>\n\t\t\t\t<\/div>\n\t\t\t\t\t<\/div>\n\t\t\t\t<\/div>\n\t\t\t\t<\/div>\n\t\t","protected":false},"excerpt":{"rendered":"<p>Das Bayerische Kinderbildungs- und Erziehungsgesetz (BayKiBiG) und der Bildungs- und Erziehungsplan (BEP) stellen die gesetzlichen Rahmenbedingungen f\u00fcr die Arbeit in der Tageseinrichtung f\u00fcr Kinder dar. Raumangebot Der eingruppige Kindergarten und Evang. Gemeindesaal befinden sich in einem Geb\u00e4ude. Der Saal im Obergeschoss kann vom Kindergarten f\u00fcr Veranstaltungen und als Bewegungsraum unregelm\u00e4\u00dfig genutzt werden. Erdgeschoss \u2013 Gruppenraum&nbsp;&nbsp;&nbsp;&nbsp;&nbsp;&nbsp;&nbsp; &hellip; <\/p>\n<p class=\"link-more\"><a href=\"https:\/\/kiga-unterampfrach.de\/index.php\/rahmenbedingungen\/\" class=\"more-link\">Read more<span class=\"screen-reader-text\"> &#8220;Rahmenbedingungen&#8221;<\/span><\/a><\/p>\n","protected":false},"author":1,"featured_media":0,"parent":0,"menu_order":0,"comment_status":"closed","ping_status":"closed","template":"","meta":{"footnotes":""},"class_list":["post-6777","page","type-page","status-publish","hentry"],"yoast_head":"<!-- This site is optimized with the Yoast SEO plugin v23.7 - https:\/\/yoast.com\/wordpress\/plugins\/seo\/ -->\n<title>Rahmenbedingungen - Kindergarten Unterampfrach Arche Noah<\/title>\n<meta name=\"robots\" content=\"index, follow, max-snippet:-1, max-image-preview:large, max-video-preview:-1\" \/>\n<link rel=\"canonical\" href=\"https:\/\/kiga-unterampfrach.de\/index.php\/rahmenbedingungen\/\" \/>\n<meta property=\"og:locale\" content=\"en_US\" \/>\n<meta property=\"og:type\" content=\"article\" \/>\n<meta property=\"og:title\" content=\"Rahmenbedingungen - Kindergarten Unterampfrach Arche Noah\" \/>\n<meta property=\"og:description\" content=\"Das Bayerische Kinderbildungs- und Erziehungsgesetz (BayKiBiG) und der Bildungs- und Erziehungsplan (BEP) stellen die gesetzlichen Rahmenbedingungen f\u00fcr die Arbeit in der Tageseinrichtung f\u00fcr Kinder dar. Raumangebot Der eingruppige Kindergarten und Evang. Gemeindesaal befinden sich in einem Geb\u00e4ude. Der Saal im Obergeschoss kann vom Kindergarten f\u00fcr Veranstaltungen und als Bewegungsraum unregelm\u00e4\u00dfig genutzt werden. Erdgeschoss \u2013 Gruppenraum&nbsp;&nbsp;&nbsp;&nbsp;&nbsp;&nbsp;&nbsp; &hellip; Read more &quot;Rahmenbedingungen&quot;\" \/>\n<meta property=\"og:url\" content=\"https:\/\/kiga-unterampfrach.de\/index.php\/rahmenbedingungen\/\" \/>\n<meta property=\"og:site_name\" content=\"Kindergarten Unterampfrach Arche Noah\" \/>\n<meta property=\"article:modified_time\" content=\"2024-06-24T18:47:21+00:00\" \/>\n<meta property=\"og:image\" content=\"https:\/\/p-i3puwt.project.space\/wp-content\/uploads\/2024\/06\/20190919_111706-e1588313122517-624x1109-1-576x1024.jpg\" \/>\n<meta name=\"twitter:card\" content=\"summary_large_image\" \/>\n<meta name=\"twitter:label1\" content=\"Est. reading time\" \/>\n\t<meta name=\"twitter:data1\" content=\"2 minutes\" \/>\n<script type=\"application\/ld+json\" class=\"yoast-schema-graph\">{\"@context\":\"https:\/\/schema.org\",\"@graph\":[{\"@type\":\"WebPage\",\"@id\":\"https:\/\/kiga-unterampfrach.de\/index.php\/rahmenbedingungen\/\",\"url\":\"https:\/\/kiga-unterampfrach.de\/index.php\/rahmenbedingungen\/\",\"name\":\"Rahmenbedingungen - Kindergarten Unterampfrach Arche Noah\",\"isPartOf\":{\"@id\":\"https:\/\/kiga-unterampfrach.de\/#website\"},\"primaryImageOfPage\":{\"@id\":\"https:\/\/kiga-unterampfrach.de\/index.php\/rahmenbedingungen\/#primaryimage\"},\"image\":{\"@id\":\"https:\/\/kiga-unterampfrach.de\/index.php\/rahmenbedingungen\/#primaryimage\"},\"thumbnailUrl\":\"https:\/\/p-i3puwt.project.space\/wp-content\/uploads\/2024\/06\/20190919_111706-e1588313122517-624x1109-1-576x1024.jpg\",\"datePublished\":\"2024-06-24T18:34:19+00:00\",\"dateModified\":\"2024-06-24T18:47:21+00:00\",\"breadcrumb\":{\"@id\":\"https:\/\/kiga-unterampfrach.de\/index.php\/rahmenbedingungen\/#breadcrumb\"},\"inLanguage\":\"en-US\",\"potentialAction\":[{\"@type\":\"ReadAction\",\"target\":[\"https:\/\/kiga-unterampfrach.de\/index.php\/rahmenbedingungen\/\"]}]},{\"@type\":\"ImageObject\",\"inLanguage\":\"en-US\",\"@id\":\"https:\/\/kiga-unterampfrach.de\/index.php\/rahmenbedingungen\/#primaryimage\",\"url\":\"https:\/\/p-i3puwt.project.space\/wp-content\/uploads\/2024\/06\/20190919_111706-e1588313122517-624x1109-1-576x1024.jpg\",\"contentUrl\":\"https:\/\/p-i3puwt.project.space\/wp-content\/uploads\/2024\/06\/20190919_111706-e1588313122517-624x1109-1-576x1024.jpg\"},{\"@type\":\"BreadcrumbList\",\"@id\":\"https:\/\/kiga-unterampfrach.de\/index.php\/rahmenbedingungen\/#breadcrumb\",\"itemListElement\":[{\"@type\":\"ListItem\",\"position\":1,\"name\":\"Startseite\",\"item\":\"https:\/\/kiga-unterampfrach.de\/\"},{\"@type\":\"ListItem\",\"position\":2,\"name\":\"Rahmenbedingungen\"}]},{\"@type\":\"WebSite\",\"@id\":\"https:\/\/kiga-unterampfrach.de\/#website\",\"url\":\"https:\/\/kiga-unterampfrach.de\/\",\"name\":\"Kindergarten Unterampfrach Arche Noah\",\"description\":\"Kindergarten Unterampfrach Arche Noah\",\"publisher\":{\"@id\":\"https:\/\/kiga-unterampfrach.de\/#organization\"},\"potentialAction\":[{\"@type\":\"SearchAction\",\"target\":{\"@type\":\"EntryPoint\",\"urlTemplate\":\"https:\/\/kiga-unterampfrach.de\/?s={search_term_string}\"},\"query-input\":{\"@type\":\"PropertyValueSpecification\",\"valueRequired\":true,\"valueName\":\"search_term_string\"}}],\"inLanguage\":\"en-US\"},{\"@type\":\"Organization\",\"@id\":\"https:\/\/kiga-unterampfrach.de\/#organization\",\"name\":\"Kindergarten Unterampfrach\",\"url\":\"https:\/\/kiga-unterampfrach.de\/\",\"logo\":{\"@type\":\"ImageObject\",\"inLanguage\":\"en-US\",\"@id\":\"https:\/\/kiga-unterampfrach.de\/#\/schema\/logo\/image\/\",\"url\":\"https:\/\/kiga-unterampfrach.de\/wp-content\/uploads\/2024\/04\/cropped-logo1.jpg\",\"contentUrl\":\"https:\/\/kiga-unterampfrach.de\/wp-content\/uploads\/2024\/04\/cropped-logo1.jpg\",\"width\":340,\"height\":206,\"caption\":\"Kindergarten Unterampfrach\"},\"image\":{\"@id\":\"https:\/\/kiga-unterampfrach.de\/#\/schema\/logo\/image\/\"}}]}<\/script>\n<!-- \/ Yoast SEO plugin. -->","yoast_head_json":{"title":"Rahmenbedingungen - Kindergarten Unterampfrach Arche Noah","robots":{"index":"index","follow":"follow","max-snippet":"max-snippet:-1","max-image-preview":"max-image-preview:large","max-video-preview":"max-video-preview:-1"},"canonical":"https:\/\/kiga-unterampfrach.de\/index.php\/rahmenbedingungen\/","og_locale":"en_US","og_type":"article","og_title":"Rahmenbedingungen - Kindergarten Unterampfrach Arche Noah","og_description":"Das Bayerische Kinderbildungs- und Erziehungsgesetz (BayKiBiG) und der Bildungs- und Erziehungsplan (BEP) stellen die gesetzlichen Rahmenbedingungen f\u00fcr die Arbeit in der Tageseinrichtung f\u00fcr Kinder dar. Raumangebot Der eingruppige Kindergarten und Evang. Gemeindesaal befinden sich in einem Geb\u00e4ude. Der Saal im Obergeschoss kann vom Kindergarten f\u00fcr Veranstaltungen und als Bewegungsraum unregelm\u00e4\u00dfig genutzt werden. Erdgeschoss \u2013 Gruppenraum&nbsp;&nbsp;&nbsp;&nbsp;&nbsp;&nbsp;&nbsp; &hellip; Read more \"Rahmenbedingungen\"","og_url":"https:\/\/kiga-unterampfrach.de\/index.php\/rahmenbedingungen\/","og_site_name":"Kindergarten Unterampfrach Arche Noah","article_modified_time":"2024-06-24T18:47:21+00:00","og_image":[{"url":"https:\/\/p-i3puwt.project.space\/wp-content\/uploads\/2024\/06\/20190919_111706-e1588313122517-624x1109-1-576x1024.jpg"}],"twitter_card":"summary_large_image","twitter_misc":{"Est. reading time":"2 minutes"},"schema":{"@context":"https:\/\/schema.org","@graph":[{"@type":"WebPage","@id":"https:\/\/kiga-unterampfrach.de\/index.php\/rahmenbedingungen\/","url":"https:\/\/kiga-unterampfrach.de\/index.php\/rahmenbedingungen\/","name":"Rahmenbedingungen - Kindergarten Unterampfrach Arche Noah","isPartOf":{"@id":"https:\/\/kiga-unterampfrach.de\/#website"},"primaryImageOfPage":{"@id":"https:\/\/kiga-unterampfrach.de\/index.php\/rahmenbedingungen\/#primaryimage"},"image":{"@id":"https:\/\/kiga-unterampfrach.de\/index.php\/rahmenbedingungen\/#primaryimage"},"thumbnailUrl":"https:\/\/p-i3puwt.project.space\/wp-content\/uploads\/2024\/06\/20190919_111706-e1588313122517-624x1109-1-576x1024.jpg","datePublished":"2024-06-24T18:34:19+00:00","dateModified":"2024-06-24T18:47:21+00:00","breadcrumb":{"@id":"https:\/\/kiga-unterampfrach.de\/index.php\/rahmenbedingungen\/#breadcrumb"},"inLanguage":"en-US","potentialAction":[{"@type":"ReadAction","target":["https:\/\/kiga-unterampfrach.de\/index.php\/rahmenbedingungen\/"]}]},{"@type":"ImageObject","inLanguage":"en-US","@id":"https:\/\/kiga-unterampfrach.de\/index.php\/rahmenbedingungen\/#primaryimage","url":"https:\/\/p-i3puwt.project.space\/wp-content\/uploads\/2024\/06\/20190919_111706-e1588313122517-624x1109-1-576x1024.jpg","contentUrl":"https:\/\/p-i3puwt.project.space\/wp-content\/uploads\/2024\/06\/20190919_111706-e1588313122517-624x1109-1-576x1024.jpg"},{"@type":"BreadcrumbList","@id":"https:\/\/kiga-unterampfrach.de\/index.php\/rahmenbedingungen\/#breadcrumb","itemListElement":[{"@type":"ListItem","position":1,"name":"Startseite","item":"https:\/\/kiga-unterampfrach.de\/"},{"@type":"ListItem","position":2,"name":"Rahmenbedingungen"}]},{"@type":"WebSite","@id":"https:\/\/kiga-unterampfrach.de\/#website","url":"https:\/\/kiga-unterampfrach.de\/","name":"Kindergarten Unterampfrach Arche Noah","description":"Kindergarten Unterampfrach Arche Noah","publisher":{"@id":"https:\/\/kiga-unterampfrach.de\/#organization"},"potentialAction":[{"@type":"SearchAction","target":{"@type":"EntryPoint","urlTemplate":"https:\/\/kiga-unterampfrach.de\/?s={search_term_string}"},"query-input":{"@type":"PropertyValueSpecification","valueRequired":true,"valueName":"search_term_string"}}],"inLanguage":"en-US"},{"@type":"Organization","@id":"https:\/\/kiga-unterampfrach.de\/#organization","name":"Kindergarten Unterampfrach","url":"https:\/\/kiga-unterampfrach.de\/","logo":{"@type":"ImageObject","inLanguage":"en-US","@id":"https:\/\/kiga-unterampfrach.de\/#\/schema\/logo\/image\/","url":"https:\/\/kiga-unterampfrach.de\/wp-content\/uploads\/2024\/04\/cropped-logo1.jpg","contentUrl":"https:\/\/kiga-unterampfrach.de\/wp-content\/uploads\/2024\/04\/cropped-logo1.jpg","width":340,"height":206,"caption":"Kindergarten Unterampfrach"},"image":{"@id":"https:\/\/kiga-unterampfrach.de\/#\/schema\/logo\/image\/"}}]}},"featured_media_urls":[],"_links":{"self":[{"href":"https:\/\/kiga-unterampfrach.de\/index.php\/wp-json\/wp\/v2\/pages\/6777","targetHints":{"allow":["GET"]}}],"collection":[{"href":"https:\/\/kiga-unterampfrach.de\/index.php\/wp-json\/wp\/v2\/pages"}],"about":[{"href":"https:\/\/kiga-unterampfrach.de\/index.php\/wp-json\/wp\/v2\/types\/page"}],"author":[{"embeddable":true,"href":"https:\/\/kiga-unterampfrach.de\/index.php\/wp-json\/wp\/v2\/users\/1"}],"replies":[{"embeddable":true,"href":"https:\/\/kiga-unterampfrach.de\/index.php\/wp-json\/wp\/v2\/comments?post=6777"}],"version-history":[{"count":4,"href":"https:\/\/kiga-unterampfrach.de\/index.php\/wp-json\/wp\/v2\/pages\/6777\/revisions"}],"predecessor-version":[{"id":6807,"href":"https:\/\/kiga-unterampfrach.de\/index.php\/wp-json\/wp\/v2\/pages\/6777\/revisions\/6807"}],"wp:attachment":[{"href":"https:\/\/kiga-unterampfrach.de\/index.php\/wp-json\/wp\/v2\/media?parent=6777"}],"curies":[{"name":"wp","href":"https:\/\/api.w.org\/{rel}","templated":true}]}}